{"id":372,"date":"2019-08-31T18:21:02","date_gmt":"2019-08-31T16:21:02","guid":{"rendered":"http:\/\/caneri.gmollet.free.fr\/?page_id=372"},"modified":"2023-09-13T14:56:53","modified_gmt":"2023-09-13T12:56:53","slug":"leclairage","status":"publish","type":"page","link":"https:\/\/courscaneri.ovh\/?page_id=372","title":{"rendered":"L&#8217;\u00e9clairage"},"content":{"rendered":"<h2>I &#8211; G\u00e9n\u00e9ralit\u00e9s<\/h2>\n<p>La lumi\u00e8re que re\u00e7oit nos yeux d\u00e9pend de deux choses:<\/p>\n<ul>\n<li>de la lumi\u00e8re \u00e9mise par la source lumineuse<\/li>\n<li>de la nature de l&#8217;objet color\u00e9 que nous regardons<\/li>\n<\/ul>\n<p>Comment voyons-nous les couleurs?<\/p>\n<p>La lumi\u00e8re \u00e9mise vient frapper l&#8217;objet que nous regardons.<br \/>\nCet objet absorbe une gamme de couleur et r\u00e9fl\u00e9chie les autres couleurs.<br \/>\nCes derni\u00e8res arrivent jusque dans nos yeux.<\/p>\n<p><img decoding=\"async\" src=\"http:\/\/courscaneri.ovh\/wp-content\/uploads\/2021\/06\/reflexion-1.png\" alt=\"\" \/><\/p>\n<p>Exemple:<br \/>\nLa lumi\u00e8re du soleil, qu&#8217;on appelle lumi\u00e8re blanche, est un m\u00e9lange de toutes les couleurs.<br \/>\nAlors qu&#8217;elle vient frapper un coquelicot, ce dernier absorbe une partie de la gamme chromatique bleue et verte, puis r\u00e9fl\u00e9chit le reste des couleurs, \u00e0 savoir, en grande partie, la gamme chromatique du rouge. Certains de ces rayons r\u00e9fl\u00e9chis arrivent \u00e0 nos yeux. Ainsi nous voyons le coquelicot rouge.<\/p>\n<h2>II &#8211; Lumi\u00e8re artificielle<\/h2>\n<ol>\n<li>Le mat\u00e9riel\n<p>Voici quelques \u00e9quipements, sources de lumi\u00e8re:<\/p>\n<ul>\n<li>projecteurs:\n<ul>\n<li>Fresnel (400-500 W)<\/li>\n<li>Mandarine (800 W)<\/li>\n<li>Blonde (2000 W)<\/li>\n<\/ul>\n<\/li>\n<li>N\u00e9ons<\/li>\n<li>Led<\/li>\n<li>Halog\u00e8ne<\/li>\n<li>Lampes de chevet<\/li>\n<li>&#8230;<\/li>\n<\/ul>\n<\/li>\n<li>Positionnement des lumi\u00e8res (3 points)\n<p>La <strong>lumi\u00e8re principale (Key Light)<\/strong> est la lumi\u00e8re qui a le plus de puissance. Elle \u00e9claire g\u00e9n\u00e9ralement un c\u00f4t\u00e9 du personnage\/objet. Elle g\u00e9n\u00e8re donc des ombres de l&#8217;autre c\u00f4t\u00e9 du personnage\/objet.<\/p>\n<p><img loading=\"lazy\" decoding=\"async\" class=\"alignnone size-medium wp-image-3875\" src=\"http:\/\/courscaneri.ovh\/wp-content\/uploads\/2023\/09\/Key_Light-300x279.png\" alt=\"\" width=\"300\" height=\"279\" srcset=\"https:\/\/courscaneri.ovh\/wp-content\/uploads\/2023\/09\/Key_Light-300x279.png 300w, https:\/\/courscaneri.ovh\/wp-content\/uploads\/2023\/09\/Key_Light-1024x953.png 1024w, https:\/\/courscaneri.ovh\/wp-content\/uploads\/2023\/09\/Key_Light-768x715.png 768w, https:\/\/courscaneri.ovh\/wp-content\/uploads\/2023\/09\/Key_Light-270x250.png 270w, https:\/\/courscaneri.ovh\/wp-content\/uploads\/2023\/09\/Key_Light.png 1117w\" sizes=\"auto, (max-width: 300px) 100vw, 300px\" \/><\/p>\n<p>La <strong>compensation (Fill Light)<\/strong> a l\u00e9g\u00e8rement moins de puissance. Son but est de remplir les ombres laiss\u00e9es par la lumi\u00e8re principale. On la place donc g\u00e9n\u00e9ralement de l&#8217;autre c\u00f4t\u00e9 du personnage.<\/p>\n<p><img loading=\"lazy\" decoding=\"async\" class=\"alignnone size-medium wp-image-3876\" src=\"http:\/\/courscaneri.ovh\/wp-content\/uploads\/2023\/09\/Fill_Light-300x279.png\" alt=\"\" width=\"300\" height=\"279\" srcset=\"https:\/\/courscaneri.ovh\/wp-content\/uploads\/2023\/09\/Fill_Light-300x279.png 300w, https:\/\/courscaneri.ovh\/wp-content\/uploads\/2023\/09\/Fill_Light-1024x953.png 1024w, https:\/\/courscaneri.ovh\/wp-content\/uploads\/2023\/09\/Fill_Light-768x715.png 768w, https:\/\/courscaneri.ovh\/wp-content\/uploads\/2023\/09\/Fill_Light-270x250.png 270w, https:\/\/courscaneri.ovh\/wp-content\/uploads\/2023\/09\/Fill_Light.png 1117w\" sizes=\"auto, (max-width: 300px) 100vw, 300px\" \/><\/p>\n<p>Le <strong>contre-jour (Back Light)<\/strong> rend plus net les contour du personnage. Il se place derri\u00e8re le personnage.<\/p>\n<p><img loading=\"lazy\" decoding=\"async\" class=\"alignnone size-medium wp-image-3874\" src=\"http:\/\/courscaneri.ovh\/wp-content\/uploads\/2023\/09\/Back_Light-300x279.png\" alt=\"\" width=\"300\" height=\"279\" srcset=\"https:\/\/courscaneri.ovh\/wp-content\/uploads\/2023\/09\/Back_Light-300x279.png 300w, https:\/\/courscaneri.ovh\/wp-content\/uploads\/2023\/09\/Back_Light-1024x953.png 1024w, https:\/\/courscaneri.ovh\/wp-content\/uploads\/2023\/09\/Back_Light-768x715.png 768w, https:\/\/courscaneri.ovh\/wp-content\/uploads\/2023\/09\/Back_Light-270x250.png 270w, https:\/\/courscaneri.ovh\/wp-content\/uploads\/2023\/09\/Back_Light.png 1117w\" sizes=\"auto, (max-width: 300px) 100vw, 300px\" \/><\/li>\n<li>Les ombres<\/li>\n<\/ol>\n<p>Pour g\u00e9n\u00e9rer des ombres, le principe est assez simple: on place un objet devant la source lumineuse.<\/p>\n<p><img loading=\"lazy\" decoding=\"async\" class=\"alignnone size-medium wp-image-3878\" src=\"http:\/\/courscaneri.ovh\/wp-content\/uploads\/2023\/09\/principe_ombre-300x180.png\" alt=\"\" width=\"300\" height=\"180\" srcset=\"https:\/\/courscaneri.ovh\/wp-content\/uploads\/2023\/09\/principe_ombre-300x180.png 300w, https:\/\/courscaneri.ovh\/wp-content\/uploads\/2023\/09\/principe_ombre-768x462.png 768w, https:\/\/courscaneri.ovh\/wp-content\/uploads\/2023\/09\/principe_ombre.png 792w\" sizes=\"auto, (max-width: 300px) 100vw, 300px\" \/><\/p>\n<p>Cependant, lorsque vous regardez une ombre de pr\u00e8s, vous remarquez en g\u00e9n\u00e9ral des bords flous, moins noirs. Nous appellerons ceci la p\u00e9nombre.<br \/>\nCela vient principalement du fait qu&#8217;une source lumineuse n&#8217;est pas un point: c&#8217;est une surface.<\/p>\n<p><img decoding=\"async\" src=\"http:\/\/caneri.gmollet.free.fr\/wp-content\/uploads\/2021\/06\/principe_penombre_objet_proche_lumiere.png\" alt=\"sch\u00e9ma de la r\u00e9alit\u00e9 de la g\u00e9n\u00e9ration d'ombres\" \/><\/p>\n<p>On peut donc en d\u00e9duire que :<\/p>\n<ul>\n<li>plus l&#8217;objet est proche de la source lumineuse, plus la p\u00e9nombre sera grande et donc l&#8217;ombre claire.<br \/>\n<img decoding=\"async\" src=\"http:\/\/caneri.gmollet.free.fr\/wp-content\/uploads\/2021\/06\/principe_penombre.png\" alt=\"sch\u00e9ma de la r\u00e9alit\u00e9 de la g\u00e9n\u00e9ration d'ombres\" \/><\/li>\n<li>plus l&#8217;objet se rapproche du mur, plus la p\u00e9nombre sera petite et donc l&#8217;ombre sera noire et nette.<br \/>\n<img loading=\"lazy\" decoding=\"async\" class=\"alignnone size-medium wp-image-3880\" src=\"http:\/\/courscaneri.ovh\/wp-content\/uploads\/2023\/09\/principe_penombre_objet_proche_lumiere-300x240.png\" alt=\"\" width=\"300\" height=\"240\" srcset=\"https:\/\/courscaneri.ovh\/wp-content\/uploads\/2023\/09\/principe_penombre_objet_proche_lumiere-300x240.png 300w, https:\/\/courscaneri.ovh\/wp-content\/uploads\/2023\/09\/principe_penombre_objet_proche_lumiere-768x613.png 768w, https:\/\/courscaneri.ovh\/wp-content\/uploads\/2023\/09\/principe_penombre_objet_proche_lumiere.png 898w\" sizes=\"auto, (max-width: 300px) 100vw, 300px\" \/>\u00a0 \u00a0<img loading=\"lazy\" decoding=\"async\" class=\"alignnone size-medium wp-image-3879\" src=\"http:\/\/courscaneri.ovh\/wp-content\/uploads\/2023\/09\/principe_penombre_objet_proche_mur-300x240.png\" alt=\"\" width=\"300\" height=\"240\" srcset=\"https:\/\/courscaneri.ovh\/wp-content\/uploads\/2023\/09\/principe_penombre_objet_proche_mur-300x240.png 300w, https:\/\/courscaneri.ovh\/wp-content\/uploads\/2023\/09\/principe_penombre_objet_proche_mur-768x613.png 768w, https:\/\/courscaneri.ovh\/wp-content\/uploads\/2023\/09\/principe_penombre_objet_proche_mur.png 898w\" sizes=\"auto, (max-width: 300px) 100vw, 300px\" \/><\/li>\n<\/ul>\n<h2>III &#8211; Lumi\u00e8re naturelle<\/h2>\n<p>C&#8217;est la lumi\u00e8re du soleil. Or il n&#8217;y a qu&#8217;un soleil donc comment pourrions nous reproduire l&#8217;\u00e9clairage trois points? Il suffit d&#8217;utiliser des r\u00e9flecteurs.<\/p>\n<p>Un r\u00e9flecteur, comme son nom l&#8217;indique, est un objet qui r\u00e9fl\u00e9chit la lumi\u00e8re.<\/p>\n<p>Il y a plusieurs types de r\u00e9flecteurs:<\/p>\n<ul>\n<li>blanc mat: comme il s&#8217;agit d&#8217;un blanc, le r\u00e9flecteur refl\u00e8te toute la lumi\u00e8re, mais en la diffusant dans toutes les directions. Ainsi la lumi\u00e8re r\u00e9fl\u00e9chie est moins lumineuse et plus douce.<br \/>\n<img loading=\"lazy\" decoding=\"async\" class=\"alignnone size-medium wp-image-3882\" src=\"http:\/\/courscaneri.ovh\/wp-content\/uploads\/2023\/09\/reflecteur_blanc_mat-300x226.png\" alt=\"\" width=\"300\" height=\"226\" srcset=\"https:\/\/courscaneri.ovh\/wp-content\/uploads\/2023\/09\/reflecteur_blanc_mat-300x226.png 300w, https:\/\/courscaneri.ovh\/wp-content\/uploads\/2023\/09\/reflecteur_blanc_mat.png 496w\" sizes=\"auto, (max-width: 300px) 100vw, 300px\" \/><\/li>\n<li>argent\u00e9: le r\u00e9flecteur refl\u00e8te quasiment toute la lumi\u00e8re dans une direction.<br \/>\n<img loading=\"lazy\" decoding=\"async\" class=\"alignnone size-medium wp-image-3881\" src=\"http:\/\/courscaneri.ovh\/wp-content\/uploads\/2023\/09\/reflecteur_argente-300x226.png\" alt=\"\" width=\"300\" height=\"226\" srcset=\"https:\/\/courscaneri.ovh\/wp-content\/uploads\/2023\/09\/reflecteur_argente-300x226.png 300w, https:\/\/courscaneri.ovh\/wp-content\/uploads\/2023\/09\/reflecteur_argente.png 496w\" sizes=\"auto, (max-width: 300px) 100vw, 300px\" \/><\/li>\n<li>dor\u00e9: le r\u00e9flecteur absorbe une partie du spectre lumineux et refl\u00e8te la gamme chromatique dor\u00e9e (orange\/jaune). L&#8217;effet d\u00e9sir\u00e9 est de r\u00e9chauffer les lumi\u00e8res.<\/li>\n<\/ul>\n<table>\n<thead>\n<tr>\n<th style=\"text-align: left;\">Lumi\u00e8re artificielle<\/th>\n<th style=\"text-align: left;\">Lumi\u00e8re naturelle<\/th>\n<\/tr>\n<\/thead>\n<tbody>\n<tr>\n<td style=\"text-align: left;\">Avantages<\/td>\n<td style=\"text-align: left;\">On peut la modeler<br \/>\nOn peut la placer o\u00f9 on veut<\/td>\n<td style=\"text-align: left;\">Moins ch\u00e8re<br \/>\n\u00e9cologique<br \/>\ntout le spectre lumineux<br \/>\nl\u00e9ger au niveau mat\u00e9riel<\/td>\n<\/tr>\n<tr>\n<td style=\"text-align: left;\">Inconv\u00e9nients<\/td>\n<td style=\"text-align: left;\">On n&#8217;a pas tout le spectre lumineux<br \/>\non doit souvent utiliser plusieurs projecteurs<br \/>\nil faut souvent \u00eatre plusieurs<\/td>\n<td style=\"text-align: left;\">probl\u00e8mes li\u00e9s \u00e0 la m\u00e9t\u00e9o (nuage, pluie, etc. ) donc la luminosit\u00e9 peut varier<br \/>\nLa nuit<br \/>\non a toujours tout le spectre lumineux (lumi\u00e8re toujours blanche)<\/td>\n<\/tr>\n<\/tbody>\n<\/table>\n<h2>IV &#8211; Modifier la lumi\u00e8re<\/h2>\n<p>Pour modifier la lumi\u00e8re, on peut utiliser des filtres. Le principe d&#8217;un filtre est simple: il absorbe une partie de la lumi\u00e8re incidente et laisse passer le reste de la lumi\u00e8re.<\/p>\n<p><img loading=\"lazy\" decoding=\"async\" class=\"alignnone size-medium wp-image-3883\" src=\"http:\/\/courscaneri.ovh\/wp-content\/uploads\/2023\/09\/filtre-300x239.png\" alt=\"\" width=\"300\" height=\"239\" srcset=\"https:\/\/courscaneri.ovh\/wp-content\/uploads\/2023\/09\/filtre-300x239.png 300w, https:\/\/courscaneri.ovh\/wp-content\/uploads\/2023\/09\/filtre.png 702w\" sizes=\"auto, (max-width: 300px) 100vw, 300px\" \/><\/p>\n<p>Quelques exemples de filtres:<\/p>\n<ul>\n<li>bleu: laisse passer la lumi\u00e8re bleue.<\/li>\n<li>orange: laisse passer la lumi\u00e8re orange.<\/li>\n<li>1\/2 : absorbe la moiti\u00e9 de la lumi\u00e8re.<\/li>\n<li>1\/4 : absorbe un quart de la lumi\u00e8re.<\/li>\n<\/ul>\n","protected":false},"excerpt":{"rendered":"<p>I &#8211; G\u00e9n\u00e9ralit\u00e9s La lumi\u00e8re que re\u00e7oit nos yeux d\u00e9pend de deux choses: de la lumi\u00e8re \u00e9mise par la source lumineuse de la nature de l&#8217;objet color\u00e9 que nous regardons Comment voyons-nous les couleurs? La lumi\u00e8re \u00e9mise vient frapper l&#8217;objet que nous regardons. Cet objet absorbe une gamme de couleur et r\u00e9fl\u00e9chie les autres couleurs. [&hellip;]<\/p>\n","protected":false},"author":2,"featured_media":0,"parent":206,"menu_order":8,"comment_status":"closed","ping_status":"closed","template":"","meta":{"footnotes":""},"class_list":["post-372","page","type-page","status-publish","czr-hentry"],"_links":{"self":[{"href":"https:\/\/courscaneri.ovh\/index.php?rest_route=\/wp\/v2\/pages\/372","targetHints":{"allow":["GET"]}}],"collection":[{"href":"https:\/\/courscaneri.ovh\/index.php?rest_route=\/wp\/v2\/pages"}],"about":[{"href":"https:\/\/courscaneri.ovh\/index.php?rest_route=\/wp\/v2\/types\/page"}],"author":[{"embeddable":true,"href":"https:\/\/courscaneri.ovh\/index.php?rest_route=\/wp\/v2\/users\/2"}],"replies":[{"embeddable":true,"href":"https:\/\/courscaneri.ovh\/index.php?rest_route=%2Fwp%2Fv2%2Fcomments&post=372"}],"version-history":[{"count":2,"href":"https:\/\/courscaneri.ovh\/index.php?rest_route=\/wp\/v2\/pages\/372\/revisions"}],"predecessor-version":[{"id":3884,"href":"https:\/\/courscaneri.ovh\/index.php?rest_route=\/wp\/v2\/pages\/372\/revisions\/3884"}],"up":[{"embeddable":true,"href":"https:\/\/courscaneri.ovh\/index.php?rest_route=\/wp\/v2\/pages\/206"}],"wp:attachment":[{"href":"https:\/\/courscaneri.ovh\/index.php?rest_route=%2Fwp%2Fv2%2Fmedia&parent=372"}],"curies":[{"name":"wp","href":"https:\/\/api.w.org\/{rel}","templated":true}]}}