{"id":571,"date":"2019-09-04T17:12:14","date_gmt":"2019-09-04T15:12:14","guid":{"rendered":"http:\/\/caneri.gmollet.free.fr\/?page_id=571"},"modified":"2019-09-04T17:12:14","modified_gmt":"2019-09-04T15:12:14","slug":"dossier-pour-le-baccalaureat","status":"publish","type":"page","link":"https:\/\/courscaneri.ovh\/?page_id=571","title":{"rendered":"Dossier pour le baccalaur\u00e9at"},"content":{"rendered":"<h2>Contenu du dossier<\/h2>\n<ul>\n<li>1\u00e8re de couverture : titre, nom, pr\u00e9nom, classe<\/li>\n<li>Sommaire (num\u00e9roter les pages)<\/li>\n<li>Note d\u2019intention collective<\/li>\n<li>Pitch<\/li>\n<li>Synopsis<\/li>\n<li>Bible des personnages<\/li>\n<li>Sc\u00e9nario :\n<ul>\n<li>Continuit\u00e9 non dialogu\u00e9e <\/li>\n<li>Continuit\u00e9 dialogu\u00e9e<\/li>\n<\/ul>\n<\/li>\n<li>D\u00e9coupage technique<\/li>\n<li>Choisir une sc\u00e8ne, expliquer pourquoi avoir choisi cette sc\u00e8ne et en faire :\n<ul>\n<li>Le storyboard<\/li>\n<li>Le plan au sol<\/li>\n<\/ul>\n<\/li>\n<li>Compte rendu personnel d\u2019\u00e9criture<\/li>\n<li>Plan de tournage<\/li>\n<li>Feuilles de script<\/li>\n<li>Compte rendu personnel de tournage<\/li>\n<li>Compte rendu personnel de montage<\/li>\n<li>Recherche personnelle en rapport avec le court m\u00e9trage r\u00e9alis\u00e9.<\/li>\n<li>Annexes<\/li>\n<\/ul>\n<p><strong><em>Rappel :<\/em><\/strong><\/p>\n<ul>\n<li>Il s\u2019agit d\u2019un dossier artistique donc ne pas h\u00e9siter \u00e0 l\u2019illustrer par des dessins, images, photogrammes, photos, etc.  <\/li>\n<li>mettre des photogrammes des films cit\u00e9s dans vos r\u00e9f\u00e9rences est un plus, surtout dans la recherche personnelle.<\/li>\n<\/ul>\n<h2>Travail \u00e0 faire<\/h2>\n<table>\n<thead>\n<tr>\n<th style=\"text-align: left;\">En groupe<\/th>\n<th style=\"text-align: left;\">Seul<\/th>\n<\/tr>\n<\/thead>\n<tbody>\n<tr>\n<td style=\"text-align: left;\">Note d&#8217;intention<\/td>\n<td style=\"text-align: left;\">Compte-rendu d&#8217;\u00e9criture<\/td>\n<\/tr>\n<tr>\n<td style=\"text-align: left;\">Pitch<\/td>\n<td style=\"text-align: left;\">Compte-rendu de tournage<\/td>\n<\/tr>\n<tr>\n<td style=\"text-align: left;\">Synopsis<\/td>\n<td style=\"text-align: left;\">Compte-rendu de montage<\/td>\n<\/tr>\n<tr>\n<td style=\"text-align: left;\">Bible des personnages<\/td>\n<td style=\"text-align: left;\">Expos\u00e9<\/td>\n<\/tr>\n<tr>\n<td style=\"text-align: left;\">Sc\u00e9nario<\/td>\n<td style=\"text-align: left;\">Compte-rendu d&#8217;exp\u00e9riences cr\u00e9atives<\/td>\n<\/tr>\n<tr>\n<td style=\"text-align: left;\">D\u00e9coupage technique<\/td>\n<td style=\"text-align: left;\">Compte-rendu de rencontres<\/td>\n<\/tr>\n<tr>\n<td style=\"text-align: left;\">Plan au sol et storyboard d&#8217;au moins une s\u00e9quence (Expliquer le choix de la s\u00e9quence)<\/td>\n<td style=\"text-align: left;\">Compte-rendu de projections (personnelles ou lors de festival par exemple)<\/td>\n<\/tr>\n<\/tbody>\n<\/table>\n","protected":false},"excerpt":{"rendered":"<p>Contenu du dossier 1\u00e8re de couverture : titre, nom, pr\u00e9nom, classe Sommaire (num\u00e9roter les pages) Note d\u2019intention collective Pitch Synopsis Bible des personnages Sc\u00e9nario : Continuit\u00e9 non dialogu\u00e9e Continuit\u00e9 dialogu\u00e9e D\u00e9coupage technique Choisir une sc\u00e8ne, expliquer pourquoi avoir choisi cette sc\u00e8ne et en faire : Le storyboard Le plan au sol Compte rendu personnel d\u2019\u00e9criture [&hellip;]<\/p>\n","protected":false},"author":2,"featured_media":0,"parent":206,"menu_order":12,"comment_status":"closed","ping_status":"closed","template":"","meta":{"footnotes":""},"class_list":["post-571","page","type-page","status-publish","czr-hentry"],"_links":{"self":[{"href":"https:\/\/courscaneri.ovh\/index.php?rest_route=\/wp\/v2\/pages\/571","targetHints":{"allow":["GET"]}}],"collection":[{"href":"https:\/\/courscaneri.ovh\/index.php?rest_route=\/wp\/v2\/pages"}],"about":[{"href":"https:\/\/courscaneri.ovh\/index.php?rest_route=\/wp\/v2\/types\/page"}],"author":[{"embeddable":true,"href":"https:\/\/courscaneri.ovh\/index.php?rest_route=\/wp\/v2\/users\/2"}],"replies":[{"embeddable":true,"href":"https:\/\/courscaneri.ovh\/index.php?rest_route=%2Fwp%2Fv2%2Fcomments&post=571"}],"version-history":[{"count":0,"href":"https:\/\/courscaneri.ovh\/index.php?rest_route=\/wp\/v2\/pages\/571\/revisions"}],"up":[{"embeddable":true,"href":"https:\/\/courscaneri.ovh\/index.php?rest_route=\/wp\/v2\/pages\/206"}],"wp:attachment":[{"href":"https:\/\/courscaneri.ovh\/index.php?rest_route=%2Fwp%2Fv2%2Fmedia&parent=571"}],"curies":[{"name":"wp","href":"https:\/\/api.w.org\/{rel}","templated":true}]}}