{"id":892,"date":"2020-06-06T06:23:40","date_gmt":"2020-06-06T04:23:40","guid":{"rendered":"http:\/\/caneri.gmollet.free.fr\/?page_id=892"},"modified":"2024-06-17T18:47:38","modified_gmt":"2024-06-17T16:47:38","slug":"specialite-nsi","status":"publish","type":"page","link":"https:\/\/courscaneri.ovh\/?page_id=892","title":{"rendered":"Sp\u00e9cialit\u00e9 NSI"},"content":{"rendered":"<h4>Classe de terminale<\/h4>\n<hr \/>\n<h5>Programme<\/h5>\n<table>\n<thead>\n<tr>\n<th style=\"text-align: center;\">Th\u00e8mes<\/th>\n<th style=\"text-align: center;\">Contenu<\/th>\n<\/tr>\n<\/thead>\n<tbody>\n<tr>\n<td style=\"text-align: center;\"><a href=\"https:\/\/courscaneri.ovh\/?page_id=269\">Histoire de l&#8217;informatique<\/a><\/td>\n<td style=\"text-align: center;\">Ev\u00e9nements cl\u00e9s de l&#8217;histoire de l&#8217;informatique<\/td>\n<\/tr>\n<tr>\n<td style=\"text-align: center;\">Structures de donn\u00e9es<\/td>\n<td style=\"text-align: center;\"><a href=\"https:\/\/courscaneri.ovh\/?page_id=903\">interface et impl\u00e9mentation<\/a>, <a href=\"https:\/\/courscaneri.ovh\/?page_id=901\">programmation objet<\/a>, <a href=\"https:\/\/courscaneri.ovh\/?page_id=903\">Listes<\/a>, <a href=\"https:\/\/courscaneri.ovh\/?page_id=903\">Piles<\/a>, <a href=\"https:\/\/courscaneri.ovh\/?page_id=903\">Files<\/a>, <a href=\"https:\/\/courscaneri.ovh\/?page_id=903\">Dictionnaires<\/a>, <a href=\"https:\/\/courscaneri.ovh\/?page_id=940\">Arbres<\/a>, <a href=\"https:\/\/courscaneri.ovh\/?page_id=959\">Graphes<\/a><\/td>\n<\/tr>\n<tr>\n<td style=\"text-align: center;\">Bases de donn\u00e9es<\/td>\n<td style=\"text-align: center;\"><a href=\"https:\/\/courscaneri.ovh\/?page_id=928\">Mod\u00e8le relationnel<\/a>, <a href=\"https:\/\/courscaneri.ovh\/?page_id=928\">syst\u00e8me de gestion de bases de donn\u00e9es relationnelles<\/a>, <a href=\"https:\/\/courscaneri.ovh\/?page_id=928\">langage SQL<\/a><\/td>\n<\/tr>\n<tr>\n<td style=\"text-align: center;\">Architectures mat\u00e9rielles, syst\u00e8mes d&#8217;exploitation et r\u00e9seaux<\/td>\n<td style=\"text-align: center;\"><a href=\"https:\/\/courscaneri.ovh\/?page_id=912\">Composants int\u00e9gr\u00e9s d&#8217;un syst\u00e8me sur puce<\/a>, <a href=\"https:\/\/courscaneri.ovh\/?page_id=951\">Gestion des processus et des ressources par un syst\u00e8me d&#8217;exploitation<\/a>, <a href=\"https:\/\/courscaneri.ovh\/?page_id=943\">protocoles de routage<\/a>, <a href=\"https:\/\/courscaneri.ovh\/?page_id=963\">s\u00e9curisation des communications<\/a><\/td>\n<\/tr>\n<tr>\n<td style=\"text-align: center;\">Langage et programmation<\/td>\n<td style=\"text-align: center;\"><a href=\"https:\/\/courscaneri.ovh\/?page_id=926\">Notion de programme en tant que donn\u00e9e<\/a>, <a href=\"https:\/\/courscaneri.ovh\/?page_id=926\">Calculabilit\u00e9<\/a>, <a href=\"https:\/\/courscaneri.ovh\/?page_id=926\">d\u00e9cidabilit\u00e9<\/a>, <a href=\"https:\/\/courscaneri.ovh\/?page_id=934\">r\u00e9cursivit\u00e9<\/a>, <a href=\"https:\/\/courscaneri.ovh\/?page_id=1016\">modularit\u00e9<\/a>, <a href=\"https:\/\/courscaneri.ovh\/?page_id=1016\">paradigmes de programmation<\/a>, <a href=\"https:\/\/courscaneri.ovh\/?page_id=1016\">mise au point de programmes<\/a>, <a href=\"https:\/\/courscaneri.ovh\/?page_id=1016\">gestion des bugs<\/a><\/td>\n<\/tr>\n<tr>\n<td style=\"text-align: center;\">Algorithmique<\/td>\n<td style=\"text-align: center;\">Algorithmes <a href=\"https:\/\/courscaneri.ovh\/?page_id=940\">sur les arbres binaires<\/a>, <a href=\"https:\/\/courscaneri.ovh\/?page_id=940\">sur les arbres binaires de recherche<\/a>, <a href=\"https:\/\/courscaneri.ovh\/?page_id=959\">sur les graphes<\/a>, <a href=\"https:\/\/courscaneri.ovh\/?page_id=934\">m\u00e9thode &#8220;diviser pour r\u00e9gner&#8221;<\/a>, <a href=\"https:\/\/courscaneri.ovh\/?page_id=961\">programmation dynamique<\/a>, <a href=\"https:\/\/courscaneri.ovh\/?page_id=965\">recherche textuelle<\/a><\/td>\n<\/tr>\n<\/tbody>\n<\/table>\n<h4>Classe de terminale<\/h4>\n<hr \/>\n<h5>Progession<\/h5>\n<table>\n<thead>\n<tr>\n<th style=\"text-align: center;\">Cours<\/th>\n<\/tr>\n<\/thead>\n<tbody>\n<tr>\n<td>Chapitre I<\/td>\n<td><a href=\"https:\/\/courscaneri.ovh\/?page_id=901\">Les classes<\/a><\/td>\n<\/tr>\n<tr>\n<td>Chapitre II<\/td>\n<td><a href=\"https:\/\/courscaneri.ovh\/?page_id=903\">Structures de donn\u00e9es lin\u00e9aires<\/a><\/td>\n<\/tr>\n<tr>\n<td>Chapitre III<\/td>\n<td><a href=\"https:\/\/courscaneri.ovh\/?page_id=934\">R\u00e9cursivit\u00e9. M\u00e9thode diviser pour r\u00e9gner<\/a><\/td>\n<\/tr>\n<tr>\n<td>Chapitre IV<\/td>\n<td><a href=\"https:\/\/courscaneri.ovh\/?page_id=912\">Composants int\u00e9gr\u00e9s d&#8217;un syst\u00e8me sur puce<\/a><\/td>\n<\/tr>\n<tr>\n<td>Chapitre V<\/td>\n<td><a href=\"https:\/\/courscaneri.ovh\/?page_id=959\">Les structures de donn\u00e9es relationnelles<\/a><\/td>\n<\/tr>\n<tr>\n<td>Chapitre VI<\/td>\n<td><a href=\"https:\/\/courscaneri.ovh\/?page_id=928\">Les bases de donn\u00e9es relationnelles<\/a><\/td>\n<\/tr>\n<tr>\n<td>Chapitre VII<\/td>\n<td><a href=\"https:\/\/courscaneri.ovh\/?page_id=940\">Les structures de donn\u00e9es hi\u00e9rarchiques<\/a><\/td>\n<\/tr>\n<tr>\n<td>Chapitre VIII<\/td>\n<td><a href=\"https:\/\/courscaneri.ovh\/?page_id=943\">Protocoles de routage<\/a><\/td>\n<\/tr>\n<tr>\n<td>Chapitre IX<\/td>\n<td><a href=\"https:\/\/courscaneri.ovh\/?page_id=951\">Gestion des processus et des ressources par un syst\u00e8me d&#8217;exploitation<\/a><\/td>\n<\/tr>\n<tr>\n<td>Chapitre X<\/td>\n<td><a href=\"https:\/\/courscaneri.ovh\/?page_id=961\">Programmation dynamique<\/a><\/td>\n<\/tr>\n<tr>\n<td>Chapitre XI<\/td>\n<td><a href=\"https:\/\/courscaneri.ovh\/?page_id=963\">S\u00e9curisation des communications<\/a><\/td>\n<\/tr>\n<tr>\n<td>Chapitre XII<\/td>\n<td><a href=\"https:\/\/courscaneri.ovh\/?page_id=926\">Notion de programme en tant que donn\u00e9e. Calculabilit\u00e9, d\u00e9cidabilit\u00e9<\/a><\/td>\n<\/tr>\n<tr>\n<td>Chapitre XIII<\/td>\n<td><a href=\"https:\/\/courscaneri.ovh\/?page_id=965\">Recherche textuelle<\/a><\/td>\n<\/tr>\n<\/tbody>\n<\/table>\n<p><a href=\"https:\/\/courscaneri.ovh\/?page_id=2507\">Les algorithmes du programme du cycle terminal<\/a><br \/>\n<a href=\"https:\/\/courscaneri.ovh\/?page_id=1157\">Les TD<\/a><br \/>\n<a href=\"https:\/\/courscaneri.ovh\/?page_id=1016\">Les notions transversales<\/a><\/p>\n","protected":false},"excerpt":{"rendered":"<p>Classe de terminale Programme Th\u00e8mes Contenu Histoire de l&#8217;informatique Ev\u00e9nements cl\u00e9s de l&#8217;histoire de l&#8217;informatique Structures de donn\u00e9es interface et impl\u00e9mentation, programmation objet, Listes, Piles, Files, Dictionnaires, Arbres, Graphes Bases de donn\u00e9es Mod\u00e8le relationnel, syst\u00e8me de gestion de bases de donn\u00e9es relationnelles, langage SQL Architectures mat\u00e9rielles, syst\u00e8mes d&#8217;exploitation et r\u00e9seaux Composants int\u00e9gr\u00e9s d&#8217;un syst\u00e8me sur [&hellip;]<\/p>\n","protected":false},"author":2,"featured_media":0,"parent":201,"menu_order":2,"comment_status":"closed","ping_status":"closed","template":"","meta":{"footnotes":""},"class_list":["post-892","page","type-page","status-publish","czr-hentry"],"_links":{"self":[{"href":"https:\/\/courscaneri.ovh\/index.php?rest_route=\/wp\/v2\/pages\/892","targetHints":{"allow":["GET"]}}],"collection":[{"href":"https:\/\/courscaneri.ovh\/index.php?rest_route=\/wp\/v2\/pages"}],"about":[{"href":"https:\/\/courscaneri.ovh\/index.php?rest_route=\/wp\/v2\/types\/page"}],"author":[{"embeddable":true,"href":"https:\/\/courscaneri.ovh\/index.php?rest_route=\/wp\/v2\/users\/2"}],"replies":[{"embeddable":true,"href":"https:\/\/courscaneri.ovh\/index.php?rest_route=%2Fwp%2Fv2%2Fcomments&post=892"}],"version-history":[{"count":5,"href":"https:\/\/courscaneri.ovh\/index.php?rest_route=\/wp\/v2\/pages\/892\/revisions"}],"predecessor-version":[{"id":4108,"href":"https:\/\/courscaneri.ovh\/index.php?rest_route=\/wp\/v2\/pages\/892\/revisions\/4108"}],"up":[{"embeddable":true,"href":"https:\/\/courscaneri.ovh\/index.php?rest_route=\/wp\/v2\/pages\/201"}],"wp:attachment":[{"href":"https:\/\/courscaneri.ovh\/index.php?rest_route=%2Fwp%2Fv2%2Fmedia&parent=892"}],"curies":[{"name":"wp","href":"https:\/\/api.w.org\/{rel}","templated":true}]}}